t g be 3 + 7/((-28)/(-8)). Suppose -4*f - 310 = -g*b, -b + 4*f - 96 = -3*b. What are the prime factors of b?
2, 29
Let z(j) be the first derivative of j**4/4 - 5*j**3/3 - 3*j**2 + 6*j + 1. Let u be z(4). Let s = u + 51. List the prime factors of s.
17
Suppose 0 = 5*s - 3*s - 1672. Let j be (-10)/(-25) - s/(-10). Suppose 0 = 3*w - 6*w + j. What are the prime factors of w?
2, 7
Let w(i) = -i**3 - 6*i**2 - 3*i - 2. Suppose -3*g = -4*l - 33, 0 = l - 4*g + 10 + 8. Let z be w(l). Suppose -j + 6 + z = 0. What are the prime factors of j?
2, 11
Let c(g) = 1207*g**2 - 5*g - 1. List the prime factors of c(-1).
7, 173
Suppose -4*v = 2*y - 4, 0 = -4*y + 2*v - 6*v + 12. Let u be (-50554)/(-253) + y/22. What are the prime factors of u/(-15)*(-24)/5?
2
Suppose -c - 4*q + 464 = -126, -5*q = 3*c - 1763. What are the prime factors of c?
2, 293
Suppose 0*k - 4*k = -4*h + 8, 0 = -5*k + h + 10. Suppose 0 = -2*t + 2*v + 138, 5*t - 2*t + k*v = 237. List the prime factors of t.
2, 37
Let r = -10 + 14. Let l be -2 + 3 + -3 + r. List the prime factors of (l/(-4))/((-5)/150).
3, 5
List the prime factors of -521*2/(-5) + 28/(-70).
2, 13
Let f be (1/2)/((-12)/64)*-3. Let u(x) = 2*x - 5 - 2 + 0. What are the prime factors of u(f)?
3
Let t(j) = j + 6. Let x be t(-7). Let b(p) = -741*p. Let h(i) = -10*i. Let d(o) = 6*b(o) - 442*h(o). List the prime factors of d(x).
2, 13
Let c = 4 - 1. Let m be 1 - (2 - c) - 75. Let q = -43 - m. What are the prime factors of q?
2, 3, 5
Let t be 0/(1/(-2)*-6). Suppose t = v - 4*i - 54, -v = -5*v + 5*i + 260. Suppose -3*a - 2*k + 56 = -v, -4*k + 126 = 3*a. What are the prime factors of a?
2, 3, 7
Let t(y) = -16*y - 11. Let b be t(14). Let z = 411 + b. What are the prime factors of z?
2, 11
List the prime factors of ((-11)/33)/(1/(-8556)).
2, 23, 31
Let t = 1030 + 537. What are the prime factors of t?
1567
Let r be (5 - 4)/(1/(-8)). Let s(a) = 2*a**2 + 12*a + 19. What are the prime factors of s(r)?
3, 17
What are the prime factors of (15/(-2))/(312/(-57824))?
2, 5, 139
List the prime factors of 12/9*((-15930)/24)/(-15).
59
Let v = 36 - 18. Suppose -20*m + 34 = -v*m. Let b = m + 17. List the prime factors of b.
2, 17
Suppose 0 = 5*d - 5*g - 580, -356 = -3*d - 2*g - 3*g. List the prime factors of d.
3, 13
Let i be (-194)/(-6) - 6/(-90)*-5. Suppose 5*q - 43 = -3*r + i, 13 = q + r. What are the prime factors of q?
2, 3
Let f = -56 - -154. What are the prime factors of f?
2, 7
Let j(p) = 5*p - 38. Let n be j(6). Let t(c) = -16*c + 1. What are the prime factors of t(n)?
3, 43
Let k = 1726 - -853. What are the prime factors of k?
2579
Suppose 0 = 4*q - 73 - 203. Let w = 124 - q. Suppose 0 = -5*k + 4*v + w, 17 = 4*k + 3*v - 27. List the prime factors of k.
11
Let t(q) = 3*q + q**3 - 6*q**2 + 0*q**2 - 2*q + 7. Suppose 4*f = 2*f + 12. What are the prime factors of t(f)?
13
Suppose 3*h = 4*g + 59, 3*g = -h + 13 + 11. Suppose l + 4*o + h = 68, -134 = -3*l - 5*o. What are the prime factors of l?
43
Suppose 0 = 2*d + 4*r - 162, -6*r + 158 = 2*d - 4*r. Suppose -5*g + 80 = -g + 3*a, d = 5*g - 2*a. What are the prime factors of g?
17
Suppose -4*a + 0*a - 4*z + 1344 = 0, 0 = 4*z + 16. List the prime factors of a.
2, 5, 17
Let f(x) = -9*x - 5*x - 2*x + 23 + 6*x. List the prime factors of f(-13).
3, 17
Suppose 0 = p + 46 - 164. List the prime factors of p.
2, 59
Let l(d) = -139*d - 7. Let i be l(1). Let c = -94 - i. What are the prime factors of c?
2, 13
Let n be 40 - (-4 + 4) - -2. Let b = 24 + n. What are the prime factors of b?
2, 3, 11
Let i(g) = -6*g - 49. Let p be i(-21). What are the prime factors of 1911/p + 3 + (-2)/(-11)?
2, 7
Suppose 0 = 4*m - 1498 - 666. List the prime factors of m.
541
Let l(p) = p**3 - 16*p**2 - 6*p + 2. Let n be l(17). Let q = n + 47. What are the prime factors of q?
2, 59
Let d(n) = n**2 - 214 + 22*n + 252 - 2*n**2. List the prime factors of d(17).
3, 41
Let f(b) = b**2 + 3*b + 2. Let r be f(-1). What are the prime factors of (r + 2)/10*1*1145?
229
Let t(m) = 2*m**2 + 2*m + 2. Let c be t(-1). Suppose c*n = n + 37. List the prime factors of n.
37
Suppose 200 = -3*k + 3*q - 100, 3*k + 296 = 2*q. Let d = -37 - k. List the prime factors of d.
59
Suppose 0 = 4*t - i - 8265, -4*t - 5*i = -2*t - 4149. List the prime factors of t.
3, 13, 53
List the prime factors of (-15)/(-3) + 105/3.
2, 5
Suppose 0 = 8*x - 6*x - 4. Suppose l + 47 = -5*j, -x*l + 3*l + 38 = -4*j. Let i(q) = q**3 + 8*q**2 - 11*q - 13. List the prime factors of i(j).
5
Let j(v) = -v**2 + 12*v - 11. Let i be j(11). Suppose -5*l + 481 + 1144 = i. List the prime factors of l.
5, 13
Let i(n) = n**3 - 3*n**2 + 3*n + 1. Let c be i(2). List the prime factors of (2/3)/((-2)/c) - -8.
7
Let f(j) be the first derivative of 7*j**2 - 89*j + 39. List the prime factors of f(17).
149
Let i be (-18)/(-15)*((-75)/(-6))/5. Let k = i + 45. What are the prime factors of k?
2, 3
Let j = 120 - 76. Let t be (j/99)/(2/9). What are the prime factors of t*12/8 - -76?
79
Let g(p) = p**3 + 3*p**2 - 3*p - 11. List the prime factors of g(6).
5, 59
Let v(y) = -3*y**2 + y - 1. Let a be v(-2). Let u be ((-6)/(-5))/((-6)/a). Suppose w - 2*j - u = -4, 3*w - 3*j = 12. What are the prime factors of w?
3
What are the prime factors of (-2 - -2 - (-12 - -9))*297?
3, 11
Let d = 268 - 606. Let o be 6/(d/(-170) - 2). What are the prime factors of o/(-21) + 6/(-21)?
2, 3
Let y(d) be the second derivative of -2*d**2 + 3*d + 0 - 5/6*d**3. List the prime factors of y(-3).
11
Suppose 0 = -6*m + 18. Suppose m*j + j = 120. Suppose -3*n - j = 5*r - 382, 3*n = -3. List the prime factors of r.
71
Let g(u) = -u**3 + 19*u**2 + 13*u + 34. List the prime factors of g(19).
281
Suppose 3*d + 0*d + 5*u = -1, 5*u = -d + 13. List the prime factors of 60/d*(-14 - -7).
2, 3, 5
Suppose -2439 = -4*j + 5*k, 0 = -4*j - 4*k + 1353 + 1131. What are the prime factors of j?
2, 7, 11
Suppose 0*l = -2*l + 52. Suppose -25*k = -l*k + 135. What are the prime factors of k?
3, 5
Let y(w) = 2*w**2 - 28*w + 167. List the prime factors of y(37).
3, 7, 89
Let t = -9 + 20. Let r(m) = 2*m**2 - 10*m + 37. List the prime factors of r(t).
13
Let w(u) = -u**2 + 44*u + 118. List the prime factors of w(21).
601
Suppose -2*y + 4 = 0, 0*y - 4*y = 3*a + 19. Let w(h) be the second derivative of h**3/6 + 14*h**2 + 89*h. What are the prime factors of w(a)?
19
Let b(a) = 2*a**2 + a**2 - 304 + 303 + 6*a + a**2. List the prime factors of b(-3).
17
Suppose 0 = 3*u - 4*l - 1226, 1465 = 4*u - 4*l - 167. What are the prime factors of u?
2, 7, 29
Let k be (-2)/6 + 1300/(-15). Let o = k - -203. What are the prime factors of o?
2, 29
Let r(o) = -120*o - 25. What are the prime factors of r(-6)?
5, 139
Let r be 2 - (0 + -1 - -3105). Suppose -51 = -3*x - o + 18, 5*o + 51 = 3*x. What are the prime factors of ((-1)/3)/(x/r)?
47
Let g = 816 - 566. Suppose 3*v - 2*q = -0*q + 190, g = 4*v - q. List the prime factors of v.
2, 31
Suppose 0 = 5*a - n - 2189, -3*n - 1751 = -4*a - 2*n. What are the prime factors of a?
2, 3, 73
Suppose -5*q + 2557 = -3*x, 4*q = 7*x - 4*x + 2048. List the prime factors of q.
509
Suppose g + 3*g - 762 = 2*y, -768 = -4*g - 4*y. Suppose 0 = -g*s + 193*s - 36. List the prime factors of s.
2, 3
Let r = -30 - -47. Suppose -4*p + 3 = -r. Suppose p*w - 221 = -1. What are the prime factors of w?
2, 11
Let d = 155 + -104. Suppose 5*a - 4*a = d. Suppose 0 = -5*n + 34 + a. List the prime factors of n.
17
Let b be ((-48)/(-15))/((-14)/(-455)). List the prime factors of (0 - b)/((-1*2)/2).
2, 13
Suppose 1 - 7 = -6*z. Let o be 2 - (-1 + -2) - z. Suppose o*r + 4 = -4*w, r - 11 = 6*w - 3*w. What are the prime factors of r?
2
Suppose 3009 + 471 = 10*n. List the prime factors of n.
2, 3, 29
Let x(l) = -l**2 - 6*l + 9. Let b be x(-7). Suppose -b*z = -z + 2. What are the prime factors of 4/z - (-105)/7?
13
Suppose 4*f + 3*c = -0*c + 84, -2*f + 40 = c. Let x = 112 - f. List the prime factors of x.
2, 47
Suppose 4*o + 2*m + 41 = 3*m, -4*o - 42 = -2*m. Let x(r) = r**3 + 10*r**2 - 12*r - 29. List the prime factors of x(o).
7, 13
Let v(u) = u**3 - 6*u**2 + 5*u + 13. Suppose -2*f = -3*f + 6. List the prime factors of v(f).
43
Let k(u) = -u - 1. Let x(q) = 3*q**3 + q**2 + 6*q + 5. Let v(d) = 6*k(d) + x(d). List the prime factors of v(1).
3
Let c = -73 - -75. Suppose -2*j + 32 = c*a - 3